t is 3 - -44126?
44131
In base 15, what is 6060 + -3?
605c
In base 7, what is 14561354 - 3?
14561351
In base 6, what is 3403 + -12405?
-5002
In base 14, what is 10c85 - -2?
10c87
In base 6, what is -3 + -3304525?
-3304532
In base 6, what is 22 + -5350?
-5324
In base 14, what is -5166 + -27?
-518d
In base 4, what is 3300 - 30120?
-20220
In base 13, what is 14b7c + -4?
14b78
In base 16, what is 235e9 + 4?
235ed
In base 8, what is -15257 + -7?
-15266
In base 16, what is 1 + -37f40?
-37f3f
In base 7, what is -40 + 1316?
1246
In base 2, what is -10000100001110100000 + -101?
-10000100001110100101
In base 15, what is 4b74 - 0?
4b74
In base 9, what is 44 - 10478?
-10434
In base 2, what is 10 - 1000101010?
-1000101000
In base 8, what is -5 + -135215?
-135222
In base 15, what is 6e06 + 2?
6e08
In base 13, what is 2 + -16207?
-16205
In base 10, what is -98 - 21292?
-21390
In base 4, what is 2 - -2121303?
2121311
In base 6, what is -113053 + 5?
-113044
In base 4, what is 3 + -2010121330?
-2010121321
In base 2, what is 0 - -1011011101101?
1011011101101
In base 7, what is -264411 - -2?
-264406
In base 13, what is -1775 - 727?
-219c
In base 13, what is -1c4 - 1a36?
-1c2a
In base 5, what is 3013244 + -3?
3013241
In base 16, what is 217 - -29?
240
In base 3, what is 10200220 - 1000?
10122220
In base 16, what is -1967e + 0?
-1967e
In base 2, what is -111100110010101 - -10?
-111100110010011
In base 7, what is -15340 - 22?
-15362
In base 7, what is 213144 - 12?
213132
In base 13, what is -3 - -14b60?
14b5a
In base 2, what is 1000001001010011011 + -10?
1000001001010011001
In base 7, what is 532265 + -3?
532262
In base 14, what is 2 - 2703d?
-2703b
In base 4, what is -103201 - 112012?
-221213
In base 8, what is -2577771 - -3?
-2577766
In base 8, what is -344 + -15176?
-15542
In base 10, what is -1040 + 17?
-1023
In base 2, what is 1 - -1111010101?
1111010110
In base 4, what is 11 + 13223212?
13223223
In base 6, what is 250553 + 12?
251005
In base 7, what is 143 - -21146?
21322
In base 11, what is -4 - 78a08?
-78a11
In base 2, what is 101 + -101111010011001110?
-101111010011001001
In base 14, what is 10 + -4db5?
-4da5
In base 8, what is 3426 + -21?
3405
In base 13, what is -4c78 + 5?
-4c73
In base 14, what is -5 - 9917a?
-99181
In base 3, what is -10 - 200221022?
-200221102
In base 6, what is -1002203 - -41?
-1002122
In base 8, what is 3644476 + 1?
3644477
In base 8, what is 6 - -2361747?
2361755
In base 2, what is 11011110 - 10010111001101?
-10010011101111
In base 4, what is -1113303 + -12?
-1113321
In base 13, what is -904 + 17?
-8ba
In base 6, what is 4 + -34505?
-34501
In base 10, what is 2 - 230752?
-230750
In base 9, what is -38 + 3210?
3161
In base 16, what is -5 - -1121?
111c
In base 11, what is 0 + 3208?
3208
In base 14, what is 18 + -dc4c?
-dc34
In base 2, what is 111101001100001 + 100100?
111101010000101
In base 4, what is -1 - -130202131?
130202130
In base 8, what is 74453 - 14?
74437
In base 16, what is a4c + 90?
adc
In base 9, what is 33 - -1848?
1882
In base 4, what is -30 - -2203311?
2203221
In base 9, what is 144073 - -1?
144074
In base 11, what is 161 - 6734?
-6583
In base 13, what is -416bb + 0?
-416bb
In base 3, what is 10210 - 1121211?
-1111001
In base 6, what is -315 - 21543?
-22302
In base 13, what is 4 - 3149?
-3145
In base 4, what is -31002300 + 2?
-31002232
In base 6, what is 30331 - 312?
30015
In base 14, what is -33 - 3315?
-3348
In base 12, what is -41881 + 3b?
-41842
In base 10, what is 7059685 - 5?
7059680
In base 15, what is -875 + -5a?
-8d0
In base 5, what is -102 + 231101?
230444
In base 10, what is 1716995 - -5?
1717000
In base 16, what is f8 - 6c2?
-5ca
In base 7, what is 1515 - 20513?
-15665
In base 2, what is 11 - 11010101111110?
-11010101111011
In base 8, what is -341 - 3?
-344
In base 16, what is -9defa - 5?
-9deff
In base 6, what is -1100243 + 3?
-1100240
In base 11, what is 11a283 + -2?
11a281
In base 14, what is -2057 + -19?
-2072
In base 11, what is 349 - -1330?
1679
In base 10, what is 2360405 - -4?
2360409
In base 16, what is -cf05 - -2?
-cf03
In base 3, what is -2 + 1100202120?
1100202111
In base 8, what is 100034 - -5?
100041
In base 4, what is -3101 - 1231?
-10332
In base 8, what is -17524 - -46?
-17456
In base 6, what is -12213 + -2504?
-15121
In base 6, what is 321 - -53?
414
In base 4, what is 32 + 123?
221
In base 4, what is -13 + -1010213?
-1010232
In base 7, what is -15 - 14110?
-14125
In base 15, what is 181d0b + 0?
181d0b
In base 2, what is -1011110100111 + 0?
-1011110100111
In base 6, what is -3 - 253552?
-253555
In base 5, what is 13312313 + -32?
13312231
In base 10, what is -48426 + -6?
-48432
In base 3, what is 200202021 + -220?
200201101
In base 2, what is 1001 + 1011100010011111?
1011100010101000
In base 16, what is -5 + -8c6?
-8cb
In base 2, what is 10011100110110 + 1?
10011100110111
In base 11, what is 0 - -3107?
3107
In base 6, what is -203 - -1253?
1050
In base 11, what is -2 + 1967?
1965
In base 4, what is 30 - -2033213?
2033303
In base 9, what is -2 - 27677?
-27680
In base 7, what is 4060661 - -1?
4060662
In base 15, what is -61e2a + -3?
-61e2d
In base 3, what is -1011212011 - -22?
-1011211212
In base 11, what is -217 + 98?
-12a
In base 8, what is -16 - 7410?
-7426
In base 12, what is -a - 14183?
-14191
In base 3, what is -1002210002 + -201?
-1002210210
In base 14, what is -3a1 + 6c?
-333
In base 12, what is 2 - 188199?
-188197
In base 4, what is -1023201 + -10?
-1023211
In base 2, what is 1101110111000010101 + 100?
1101110111000011001
In base 6, what is -15 + 24443?
24424
In base 9, what is 5 + -4265?
-4260
In base 16, what is -7e0 - -62c?
-1b4
In base 12, what is 29 - -1004?
1031
In base 12, what is 42a58 + -1?
42a57
In base 5, what is -24404 - -2134?
-22220
In base 10, what is 352 - -7?
359
In base 13, what is -991c6 + -5?
-991cb
In base 13, what is 29 - -6867?
6893
In base 9, what is 4 + 15178?
15183
In base 6, what is 25100421 - 0?
25100421
In base 16, what is -89 + 70c?
683
In base 9, what is -1272614 + 0?
-1272614
In base 3, what is -1000 + 2112121?
2111121
In base 11, what is 597523 - 3?
597520
In base 3, what is 10 + 22100022022?
22100022102
In base 8, what is 507412 - 1?
507411
In base 11, what is 4 - -33a78?
33a81
In base 16, what is -255 - 3a?
-28f
In base 4, what is -10 + 12123111?
12123101
In base 13, what is 7ca9 + -6?
7ca3
In base 3, what is 1020200 - 1201?
1011222
In base 13, what is 2 - 958a3?
-958a1
In base 4, what is 2333 - 10023?
-1030
In base 6, what is -2320 - -350?
-1530
In base 4, what is 3 + -32303?
-32300
In base 8, what is 3353060 + 0?
3353060
In base 3, what is 100000100002 - -10?
100000100012
In base 9, what is 5 - 15233?
-15227
In base 4, what is 1313 + -1232023?
-1230110
In base 6, what is 22033 - -10415?
32452
In base 3, what is 2100001101022 + -1?
2100001101021
In base 3, what is 22011102 - 120?
22010212
In base 16, what is 88 - -125?
1ad
In base 10, what is 25908 + 10?
25918
In base 4, what is 112 - 100003?
-33231
In base 2, what is -111110110100011101 - 11?
-111110110100100000
In base 2, what is -11 + 1001011001100110?
1001011001100011
In base 4, what is -11 + -220030020?
-220030031
In base 16, what is 0 - -1788d?
1788d
In base 9, what is 40186 - -3?
40200
In base 13, what is bc134 + 4?
bc138
In base 3, what is -2202102 + -11202?
-2221011
In base 16, what is 31 - -9f3?
a24
In base 5, what is 10 + -113202123?
-113202113
In base 16, what is -3 - 1a27?
-1a2a
In base 14, what is 4d + -216?
-1a7
In base 4, what is 201210 - -11221?
213031
In base 10, what is 2 - -2556?
2558
In base 15, what is e - -9ce?
9dd
In base 15, what is -1 + 61049?
61048
In base 6, what is 1222 - -15555?
21221
In base 7, what is -162 + -2000?
-2162
In base 2, what is -10 + 101011101110100111?
101011101110100101
In base 2, what is 100100110 - -1011000?
101111110
In base 8, what is -4 - 143140?
-143144
In base 3, what is 100222122220 - -12?
100222200002
In base 14, what is -39 + 757?
71c
In base 4, what is 103 - -130203010?
130203113
In base 4, what is 32 + 300112211?
300112303
In base 6, what is -131345131 - 4?
-131345135
In base 12, what is 20636a + 2?
206370
In base 8, what is -1227 + -34?
-1263
In base 3, what is 122222010020 - 100?
122222002220
In base 4, what is 1 - 232003?
-232002
In b